e (68/(-12))/(2/6)*6. Let c = 135 + f. What are the prime factors of c?
3, 11
Suppose 5*z = j + 7162, z + 19*j - 14*j - 1448 = 0. Suppose 0 = -o - 3*m + z, o - 3*m = 1299 + 110. What are the prime factors of o?
7, 29
Suppose 2*b - 2*d = 730, -4*b + 6*b - 734 = -2*d. Suppose -9*x - 57 - b = 0. Let o = x + 67. List the prime factors of o.
2, 5
Suppose c + 117872 = 8*i - 17696, 3*i + c = 50838. List the prime factors of i.
2, 37, 229
Let q be 605/11 + (-2 - 3). What are the prime factors of 1/(-5) - (6 + (-74610)/q)?
2, 743
Let z be 2860/169 + -17 + (-114)/39 + 2. Let c(j) be the third derivative of -61*j**4/12 - 2*j**3/3 - j**2. List the prime factors of c(z).
2, 59
Let v = -17 + 33. Suppose 0 = -v*a + 12*a + 8. Suppose 0 = -2*h + 4*z - 6*z + 14, -7 = a*h - 5*z. List the prime factors of h.
2
Suppose 3*h - 3*g - 102507 = 0, -13*h + 17*h = 3*g + 136669. List the prime factors of h.
2, 19, 29, 31
Let c = 356 - 242. Suppose c*d - 8 = 110*d. Suppose 28 = -d*h + 598. List the prime factors of h.
3, 5, 19
Let w(q) = 104*q. Let o be w(2). Let g be -8 - -5 - (1*(6 - 1) + 1). List the prime factors of (-6)/g - o/(-3).
2, 5, 7
Let t(a) = 33*a - 258. Let h = 351 - 320. What are the prime factors of t(h)?
3, 5, 17
Let u(y) = -6*y**3 + 111*y**2 - 12*y + 64. List the prime factors of u(17).
23, 107
What are the prime factors of -4*(-20248)/(-2)*156/(-832)?
3, 2531
Let p(m) = 13*m - 39. Let t be p(3). Suppose -457*r + 453*r + 1936 = t. What are the prime factors of r?
2, 11
Let b be 5*(3729/15 + (-1 - 0)). Suppose x - 3186 = 4*u - b, -5*u - 9725 = -5*x. List the prime factors of x.
2, 3
Let c = 59587 - -1113. What are the prime factors of c?
2, 5, 607
Suppose 0 = 4*v - 8 + 4. Let f be 0/(0/2 + v). Suppose f = x - 6 - 22. List the prime factors of x.
2, 7
Let s(y) = 19*y**2 - 35*y - y**3 - 6*y**2 + 9*y**2 - 15. List the prime factors of s(19).
13, 31
Let j = -4245 + 6286. Suppose 4*i - 5*v - 1809 = 0, -4*i + 3*v + j = 234. What are the prime factors of i?
11, 41
Suppose -98*k = -96*k - 20900. Suppose 8*w + k = 19*w. Suppose -37*c = -32*c - w. List the prime factors of c.
2, 5, 19
Suppose 0 = -280*x + 275*x + 45360. Suppose 6*w + 3*w = x. What are the prime factors of w?
2, 3, 7
Let r(u) = 13786*u**2 + 185*u + 186. List the prime factors of r(-1).
17, 811
Let z be 820/36 + 4/18. Suppose -5*x = z - 683. List the prime factors of x.
2, 3, 11
Let v(r) = -r**2 + 3*r + 20. Let q be v(0). Suppose 0 = 7*c - 12*c + q. List the prime factors of c.
2
Suppose 1767 = 7*f - 8*f - o, -5*o + 20 = 0. Let d = f - -2574. What are the prime factors of d?
11, 73
Let v(f) = -f**2 - 5*f + 134. Let b be v(10). What are the prime factors of 2/2*b/(48/(-4929))?
31, 53
Let j = -737 - -431. Let g = 451 + j. List the prime factors of g.
5, 29
Suppose -288*l = -292*l + 664. Suppose 0 = 3*t - 2*t + 80. Let j = t + l. What are the prime factors of j?
2, 43
Suppose -22*w - 16*w - 14002 = -95930. List the prime factors of w.
2, 7, 11
Let p be 34600/60*12/(-5) - 3. Let j = 2754 + p. List the prime factors of j.
1367
Let r = 224 + -222. Suppose n - 612 = -n - r*c, 3*n = -c + 926. List the prime factors of n.
2, 5, 31
Let d(s) = -s + 31. Suppose 2*g - 110 = -8*g. Let o be d(g). Let z = 131 - o. List the prime factors of z.
3, 37
Suppose 2*v = 286 - 276. Suppose 4*d = 19*r - 22*r + 3534, d = v*r - 5890. List the prime factors of r.
2, 19, 31
Suppose 0 = -5*z - 25, 0 = -4*b - 5*z - 414 + 1285. Suppose -1064 - b = -8*y. List the prime factors of y.
7, 23
Suppose 0 = -4*k - 5*g + 48, 0*k - 19 = -k - 3*g. Suppose k*c - 292 = 310. What are the prime factors of c?
2, 43
Suppose 2*g - 86091 = 43*q - 40*q, -3*q - 43035 = -g. List the prime factors of g.
2, 3, 13, 23
Let l(v) = 5*v - 26. Let i(n) = -11*n + 53. Let y(u) = 3*i(u) + 7*l(u). Let a be y(14). Suppose m + 104 = a*m. What are the prime factors of m?
2, 13
Let l(w) = 287*w - 967. What are the prime factors of l(6)?
5, 151
Suppose -9*t - 278 - 46 = 0. List the prime factors of ((-585)/t)/(1/20).
5, 13
Let a be 386 - ((-9)/(-3) + -3). Let x = 594 + -323. Let c = a - x. What are the prime factors of c?
5, 23
Let a(g) = 9*g**2 - 3*g**2 - 2*g**3 + 15*g - g**2 + g**3. Let y be a(7). Suppose -y*s = -14*s + 532. What are the prime factors of s?
2, 19
Let z(b) = -10*b**2 + 14*b**2 - 5*b**2 + 39*b + 3 + 47. List the prime factors of z(22).
2, 53
Let h be 728/36 + -6 + (-2)/9. Let d be 4768/80 - (h/(-10) + 1). Suppose 2*c - 220 = -2*r, -275 - d = -3*c + 2*r. What are the prime factors of c?
3, 37
Let m = 0 + 0. Let x = 11 - -137. Suppose -5*j = -5*y + 370, 3*y - y - 4*j - x = m. List the prime factors of y.
2, 37
Let x = 158 - 109. What are the prime factors of 28/x + 3366/14?
241
Suppose 897177 + 888496 = 75*a + 188923. List the prime factors of a.
2, 5, 2129
Suppose 93*z = 100*z - 182. Let g = 164 - z. List the prime factors of g.
2, 3, 23
What are the prime factors of (3/4 + (-494)/104)*-4697?
2, 7, 11, 61
List the prime factors of 719367/81 - (-150)/(-2025).
83, 107
Let p(m) = 31*m**3 + 24*m**2 - 16*m - 39. List the prime factors of p(10).
3, 7, 17, 31
Suppose -41413 + 193669 = 36*l - 202416. List the prime factors of l.
2, 3, 821
Let t = 38 - 35. Suppose -6*z + 3*z + 2220 = t*q, 4*q - 4*z - 2992 = 0. What are the prime factors of q?
2, 3, 31
What are the prime factors of (-3809897)/(-910) - 3/(-10)?
53, 79
Suppose j + 10*r = 5*r + 5560, 4*r - 27737 = -5*j. What are the prime factors of j?
5, 1109
Let y(h) = -616*h - 4878. What are the prime factors of y(-82)?
2, 22817
Suppose c - 5*t = -2*t - 11, -5*c - 2*t - 4 = 0. Let h(m) = -21*m**3 + m - 4. Let a be h(c). Let r = a + -55. What are the prime factors of r?
107
List the prime factors of ((-1028)/(-6))/((1395/(-1404) + 1)/1).
2, 13, 257
Let b(z) = z**2 + 22*z + 20. Let g be b(-14). Let o = -31 + g. Let q = -73 - o. What are the prime factors of q?
2, 5
Suppose 5*a + 65 = s, 4*s + 2*a - 69 - 103 = 0. Let r be 72/(-264) - (-36)/11. Let f = s - r. List the prime factors of f.
2, 3, 7
Let h(c) = -c**2 + 11*c - 14. Let y be h(12). Suppose -2*k = 7*k - 963. Let j = k + y. What are the prime factors of j?
3
Let k be (80/520 - 4/26)*-1. Suppose 5*c - 5*h - 460 = k, -3*c + 6*c = -5*h + 244. What are the prime factors of c?
2, 11
Suppose 0 = -5*k - 5*v - 20, -2*v - v = -2*k + 17. Let u(a) = 24*a - 3. Let x be u(k). List the prime factors of 6/(-15)*20/(-6)*x.
2, 7
Let b(z) = -z**2 - 17*z + 27. Let c be b(-18). Suppose -67 - 14 = -c*q. List the prime factors of 566/4 + q/(-6).
2, 5, 7
List the prime factors of 35/(-11) + 3 - (-665464)/44.
2, 19, 199
Let b(v) = v**2 + 27*v - 67. Let n be (78/(-2))/((-33)/(-22)). Let j be b(n). Let o = j + 281. List the prime factors of o.
2, 47
Let l(b) = -2*b**3 - 2*b + 163. Let z be l(0). Let x = z + 138. List the prime factors of x.
7, 43
Suppose -4*q + 24 = -3*r, 4*q - q + r - 18 = 0. Let n be -7 + 2 + (q - -4). Suppose -b = -n*f - 316, -2*b + 3*f + 1492 = 3*b. List the prime factors of b.
2, 37
Let o = -6 + -41. Let h = 49 + o. Suppose 3*n - 29 = -n + c, 5*c + 13 = -h*n. What are the prime factors of n?
2, 3
Let k(h) = 3*h + 6. Let f be k(-3). Let u be (39/15 + f)*-540. Suppose -2*b = -5*b + u. List the prime factors of b.
2, 3
Let d(l) = 18*l - 2. Let m be d(1). Suppose -10 = -m*n + 21*n. List the prime factors of (-120)/4*(9/(-2) - n).
3, 5
Let v(o) be the second derivative of -35*o**3/6 - 24*o**2 - 13*o + 43. Suppose -17 = 5*y + 13. What are the prime factors of v(y)?
2, 3
Let c(h) = -h**3 - 21*h**2 - 22*h - 42. Let t(l) = -l**3 - 2*l**2 + 9*l - 2. Let u be t(3). Let r be c(u). What are the prime factors of (-10)/10*(r - 125)?
127
Suppose 0*l - 5*l = -20, -3*x + 16 = l. Suppose -5*b - x*f = -313, 4*f - 118 = -8*b + 6*b. Let r = b + 14. What are the prime factors of r?
79
Let j be ((-20)/15)/((-7)/(63/6)). Suppose -j*z = -3*z + 549. List the prime factors of z.
3, 61
Let w(a) be the third derivative of a**6/60 - a**5/15 + 5*a**3/2 - 83*a**2. List the prime factors of w(4).
79
Let w(f) = -437*f - 238. What are the prime factors of w(-5)?
3, 11, 59
Let x(k) = 141*k**2 - 3*k + 12. Let p be x(-3). Let w = p + -704. List the prime factors of w.
2, 293
Let k be 3/(-4)*(5 + (-92)/12). Suppose -362 = -k*z + 5*c, -3*z - 4*c = 2*z - 938. What are the prime factors of z?
2, 3, 31
Le